
True
Suppose 0 = -5*h + 2*h + 6. Suppose -p = 2*p - 9. Suppose -p*g + h*g + 3*v + 104 = 0, -257 = -3*g - 2*v. Is g composite?
False
Let t be 3/(2*(-3)/(-3560)). Let w = t - 1109. Is w composite?
True
Let l(j) = -3*j**3 - 3*j**2 - 5*j + 4. Let y be l(-4). Let v = y - 101. Is v prime?
True
Is (-4)/(0 + -1) + 183 a prime number?
False
Suppose 0 = 3*q - 5*g - 41, 0 = 5*q + 4*g + 5 - 24. Suppose 4*c + z + q = 0, -c - 3*z + 18 = -2*c. Let x(y) = -11*y - 2. Is x(c) a composite number?
False
Let o(v) = 2*v - 5. Let s be o(6). Let j(x) = 9*x + 14. Is j(s) composite?
True
Is 1 + -5 - 586/(-2) a prime number?
False
Suppose 0*v - 5*v = 2*x - 26, 9 = 3*x. Suppose -260 = 2*z - 4*z - 3*l, 2*z - v*l = 246. Is z a composite number?
False
Suppose -2*b = -1270 - 2028. Is b a prime number?
False
Let p be 714 - (-6)/(4/2). Let k = p + -346. Is k a prime number?
False
Suppose 5*m = 2*m + 9. Let o(t) = m*t**2 + 6*t + 2 + 3*t**2 - t**2. Is o(-5) prime?
True
Suppose 0 = -5*p + 2*i + 2471, 3*p - p + 3*i = 977. Is p composite?
True
Suppose 4*p - 5*d - 2101 = 0, 0 = 3*p + p - 2*d - 2098. Suppose 709 = 3*v + 3*q - 77, 2*v - 2*q = p. Is v a prime number?
False
Suppose -4*w + 5*u + 601 = 0, 4*w - 3*u = -0*w + 599. Is w a prime number?
True
Let x(w) = 3*w**2 + 2*w + 1. Suppose 5*l + 6 = 3*o - 11, -2*o = l - 7. Let n be x(l). Is 1/n - (-111)/6 a prime number?
True
Is (3 + 1)*13006/56 prime?
True
Let z(j) = -j**3 - j**2 + j - 27. Let t be z(0). Let x = t - -140. Is x a prime number?
True
Suppose 12 = -a - a. Suppose 0*z + 6 = z - 2*n, 4*n = -16. Is 42/z*10/a a prime number?
False
Is 1/(-3) - 4737/(-9) a composite number?
True
Let t(d) = -619*d - 21. Is t(-2) composite?
False
Let y = -7 + 15. Suppose -3*q + 2*z = q - 52, 4*z + y = 0. Let d = 23 - q. Is d a composite number?
False
Let g(x) = 19*x - 8. Is g(5) prime?
False
Let x = -737 - -1360. Is x a prime number?
False
Let f = -19 - -22. Suppose -4*l - 5*y + 75 = 0, -2*l = -0*l - f*y - 21. Is l a composite number?
True
Suppose 0 = -0*b + b - 1733. Is b composite?
False
Suppose -9*w - 2*w = -8063. Is w prime?
True
Is (-23532)/(-10) - ((-220)/25 + 9) a composite number?
True
Let p(d) = 2*d**2 + 9*d + 3. Is p(-16) a prime number?
False
Let a be (1 + 2)/(3/73). Let z = -19 - -13. Let s = a + z. Is s prime?
True
Suppose 5*a - 2*i - 820 = 0, a - 236 = 2*i - 80. Is a composite?
True
Let u(k) = -68*k + 4. Let t be u(-5). Is t/10 + (-12)/(-20) a prime number?
False
Let i = 955 - -718. Is i prime?
False
Let q(s) be the third derivative of -7*s**5/120 - s**4/6 - s**3/3 - s**2. Let p(a) be the first derivative of q(a). Is p(-5) prime?
True
Let v(p) be the second derivative of -77*p**5/5 - p**4/6 - p**3/6 + 2*p. Is v(-1) prime?
True
Suppose 2*c - 2*n - 305 = 3*n, -300 = -2*c + 4*n. Let v = 1 + 2. Suppose g = -v*g + c. Is g a composite number?
True
Let x(j) = j - 2*j + 4 + 5*j + 3*j. Is x(5) a composite number?
True
Let g(l) = -26*l - 11. Let k(q) = -q**3 + 14*q**2 - 15*q + 17. Let p be k(13). Is g(p) a composite number?
False
Let s(p) = 2*p**2 + 2*p - 1. Let v be s(-2). Suppose 7*t = -v*i + 2*t + 101, 0 = 5*i + 3*t - 179. Is i a composite number?
False
Let u be 3*(2 + -3 + 2). Is (1*6)/u - 0 prime?
True
Suppose -5*d + 75 = -o, 9*d - 75 = 4*d - 3*o. Suppose d*y - 18*y = -273. Is y a composite number?
True
Let f be -4 + (2 - -1) - -112. Let n = -77 + f. Is n a composite number?
True
Suppose 4*s + 9905 = 9*s. Is s prime?
False
Suppose -2*x + x - 4*c = 16, 2*c + 8 = 0. Suppose x*i - 2*i = -238. Is i a composite number?
True
Suppose 3*g - 180 = 96. Let k = g - -30. Suppose x - k + 25 = 0. Is x composite?
False
Let b(f) = 3*f**3 + 6*f**2 + 4*f + 4. Let o be (6/4 + -2)*8. Let l be b(o). Is 1/1 - l/3 a prime number?
True
Suppose -17 = 3*j + 5*r - 373, j - 3*r - 128 = 0. Is j a composite number?
True
Let x(l) = 3*l**3 + 3*l**2 + 4*l + 9. Is x(5) prime?
True
Suppose m + 0*m = 64. Suppose t = 2*t - 5. Suppose t*d = 61 + m. Is d a composite number?
True
Let b = 40 - 34. Is b composite?
True
Is (-1)/(-3) + 686/21 a composite number?
True
Let c(h) = -7 - 10 + 4 + 0*h + h. Let b be c(7). Let k = 37 + b. Is k composite?
False
Suppose 2*x = -3*d + 253, d = 2*x + 36 - 269. Is x composite?
True
Is (-12)/(-4)*-1 - -1804 a prime number?
True
Suppose -4*c - c + 5 = 0. Let y = c + -1. Suppose y = -t + 50 + 167. Is t a prime number?
False
Let v(o) = 10*o**2 - o - 7. Is v(4) a composite number?
False
Suppose -227 + 67 = -4*q. Let r = q + -7. Is r a prime number?
False
Suppose -3 = -0*t + t, t = 2*s + 9. Let h(x) = x**3 + 6*x**2 + 2. Let c be h(s). Suppose -2*q - c*a + 22 = 0, 5*q - 3*a + 6*a = 59. Is q composite?
False
Is (-10 + -1)*(-7)/(-14)*-14 prime?
False
Suppose -2*s + 2*z = 96, 2*s + 2*z = 7*z - 90. Let o be (3/2)/((-15)/s). Suppose i = 5*i - 2*r - 90, o*i - 109 = -r. Is i composite?
True
Let q(b) be the second derivative of -34*b**3/3 - b**2/2 - 4*b. Is q(-1) a prime number?
True
Suppose 0 = 4*h - 0*h - 13460. Is h a prime number?
False
Let i be (-11)/((-1)/6*-3). Let g = -29 + 40. Let h = g - i. Is h prime?
False
Suppose -314 = -2*p - 52. Let u be p + (-2)/2 + 1. Suppose 3*h = 4*j + u, h + 3*j - 28 = -6. Is h prime?
True
Let f(t) = 6*t**3 - 10*t**2 + 9*t + 1. Is f(6) a prime number?
True
Let o be 5*(2 + -1) + 1. Let p(m) = -m**2 - 2*m + 7. Let r be p(o). Let a = 28 - r. Is a composite?
True
Let i be ((-4)/6)/((-6)/27). Suppose -3*d + i*z - 2*z = 12589, -4*d = 4*z + 16812. Is (-10)/(-55) - d/22 composite?
False
Let h(x) = -x**3 + 4*x**2 + 2*x - 1. Let c be h(4). Let i(p) be the second derivative of -p**5/20 + 2*p**4/3 - p**3 + 4*p**2 - 4*p. Is i(c) prime?
False
Suppose -4*j = 4, a - 137 = -3*j - 21. Is a composite?
True
Let i(p) = -p**3 + 24*p**2 + 42*p - 31. Is i(24) a composite number?
False
Let a = -5 + 14. Let i be 0*3/a + 0. Suppose -3*x + 37 + 68 = i. Is x a prime number?
False
Let i(v) = 211*v**2 + v + 1. Is i(-1) prime?
True
Let r be (-2)/5 - 66/(-15). Let k = -51 - -55. Suppose 3*f - 5*f = x - 115, 232 = k*f + r*x. Is f prime?
False
Let k(r) be the third derivative of -r**6/20 + r**5/60 + r**3/6 - r**2. Let b be k(-3). Is 3/(-4) - b/(-16) prime?
False
Let o(y) be the third derivative of 7*y**5/60 - 5*y**4/24 - 3*y**3/2 - y**2. Is o(-8) composite?
False
Suppose 3*l + 103 + 419 = 0. Let z = l - -342. Suppose -3*i + z = 3*a, -5*i + 5*a + 218 = -92. Is i a composite number?
False
Suppose -5*x + 4 = -11. Suppose 4*q - q + 4*k - 9 = 0, 5*k + 9 = x*q. Suppose s - q*n = 23, 4 = -3*n + 2*n. Is s prime?
True
Let u(t) = -3*t + 1. Let q be u(1). Let a(x) = -11*x**2 - 5*x - 6. Let y(f) = 12*f**2 + 6*f + 7. Let b(g) = -4*a(g) - 3*y(g). Is b(q) composite?
False
Let p(t) = 5*t**2 - 21*t + 11. Is p(14) a prime number?
False
Suppose 3*o - o + 4*v - 226 = 0, -2*v + 232 = 2*o. Suppose 46 = 5*y - o. Is y a prime number?
False
Let c(r) = 1 + r - 8*r + 4*r**3 - r**2 - 6*r**3 + r**3. Is c(-6) a composite number?
False
Let k(s) = -s - 3. Let g be k(-6). Suppose -g*l - 1 = -7*l - 3*q, 2*q + 10 = 0. Is l a composite number?
True
Let h = 9 + -5. Is ((-332)/(-8))/(2/h) a composite number?
False
Suppose 0*w + 5*h = -4*w - 461, 366 = -3*w + 3*h. Let a = 172 + w. Is a composite?
False
Let n(v) = 191*v + 1. Let y be n(-1). Let j = -131 - y. Is j composite?
False
Let v(b) = b**2 - 2*b + 1. Let p be v(2). Let c be -9*(1 - p - -1). Let x = 5 - c. Is x composite?
True
Let w(x) = x**2 + x + 1. Let b be w(0). Let z be (-4)/(-2) + 3 - b. Suppose 124 = z*r - 64. Is r a prime number?
True
Let r = -23 - -18. Let h(s) = -6*s**3 + s**2 + 2*s - 8. Is h(r) composite?
False
Let f = 29 - -68. Is f composite?
False
Let c = 1412 + -435. Is c prime?
True
Let q(x) = -x**3 + 1004. Let z be q(0). Suppose -6*j = -2*j - z. Is j prime?
True
Suppose 0 = r - 4 - 1. Suppose -r*q + 168 = -107. Is q a composite number?
True
Let u be (-10)/15 + 14/3. Suppose 3*w - 720 = 4*r, 4*w + 748 = -0*r - u*r. Is (1 + 0 - r) + 1 prime?
False
Suppose -2*g = -7*g + 3595. Is g a composite number?
False
Let j(g) = -g**2 - 9*g - 9. Let m be j(-6). Suppose -2*v + 70 = 3*v. Let i = m + v. Is i composite?
False
Let g(o) = 2*o**3 + 4*o**2 + 7*o. Let l(q) = q**2 - 1. Let h(w) = -g(w) + 5*l(w). Is h(-5) prime?
False
Let f = 100 + 291. Is f composite?
True
Suppose -2*a = 4*t + t - 15678, -4*a = -2*t + 6276. Is t/10 + 8/20 compos